
35 (base 16) to base 10
53
What is -47 (base 13) in base 10?
-59
What is 16 (base 16) in base 4?
112
83 (base 11) to base 2
1011011
What is 1 (base 13) in base 7?
1
1 (base 10) to base 15
1
Convert -227 (base 8) to base 6.
-411
Convert 71 (base 12) to base 5.
320
What is 31 (base 4) in base 16?
d
What is 11 (base 12) in base 2?
1101
Convert -21 (base 7) to base 16.
-f
4 (base 13) to base 12
4
25 (base 10) to base 16
19
What is -6 (base 16) in base 11?
-6
Convert -201 (base 3) to base 6.
-31
-350 (base 8) to base 9
-277
Convert 21 (base 3) to base 5.
12
What is -4 (base 7) in base 15?
-4
-23 (base 7) to base 12
-15
Convert -4 (base 7) to base 8.
-4
-321 (base 8) to base 16
-d1
54 (base 6) to base 13
28
Convert 6c (base 14) to base 13.
75
-1 (base 7) to base 16
-1
-18 (base 9) to base 11
-16
What is 5 (base 7) in base 3?
12
-11 (base 12) to base 16
-d
Convert 4 (base 6) to base 9.
4
Convert a7 (base 15) to base 16.
9d
What is 3 (base 15) in base 5?
3
Convert 19 (base 15) to base 6.
40
35 (base 12) to base 4
221
Convert -5 (base 9) to base 14.
-5
-3 (base 10) to base 9
-3
Convert -2 (base 5) to base 2.
-10
Convert 21 (base 15) to base 4.
133
What is -1 (base 5) in base 13?
-1
What is -110 (base 4) in base 11?
-19
Convert 36 (base 8) to base 14.
22
Convert 15 (base 9) to base 4.
32
-24 (base 8) to base 13
-17
What is -256 (base 11) in base 2?
-100101111
Convert 2 (base 12) to base 13.
2
-18 (base 14) to base 8
-26
Convert 5 (base 7) to base 4.
11
What is -6 (base 9) in base 5?
-11
Convert 63 (base 9) to base 3.
2010
-5 (base 7) to base 3
-12
-8d (base 16) to base 7
-261
What is 0 (base 14) in base 12?
0
Convert -9a (base 14) to base 7.
-253
4 (base 10) to base 4
10
24 (base 16) to base 2
100100
-112 (base 3) to base 16
-e
2022 (base 3) to base 8
76
Convert -10 (base 5) to base 13.
-5
4 (base 14) to base 16
4
Convert 7 (base 15) to base 11.
7
Convert 1 (base 6) to base 16.
1
15 (base 16) to base 9
23
Convert -31 (base 8) to base 12.
-21
-198 (base 10) to base 11
-170
-1122 (base 3) to base 8
-54
-3 (base 8) to base 3
-10
What is 23 (base 13) in base 2?
11101
1 (base 9) to base 15
1
Convert 48 (base 9) to base 5.
134
Convert 6 (base 15) to base 9.
6
What is 1110111 (base 2) in base 6?
315
Convert -132 (base 15) to base 3.
-101002
What is 27 (base 14) in base 3?
1022
24 (base 5) to base 15
e
Convert -36 (base 7) to base 5.
-102
-71 (base 11) to base 12
-66
Convert 100 (base 2) to base 7.
4
-17 (base 11) to base 15
-13
Convert 4 (base 8) to base 9.
4
1 (base 12) to base 4
1
Convert 2123 (base 5) to base 9.
350
What is -1 (base 9) in base 16?
-1
What is -1e (base 15) in base 14?
-21
Convert -12001 (base 3) to base 6.
-344
Convert 66 (base 12) to base 15.
53
-18 (base 12) to base 16
-14
What is 100010 (base 2) in base 7?
46
What is -46 (base 16) in base 2?
-1000110
What is -4 (base 9) in base 2?
-100
-51 (base 7) to base 4
-210
What is a5 (base 11) in base 7?
223
Convert -200 (base 3) to base 11.
-17
-41 (base 7) to base 13
-23
-6 (base 11) to base 6
-10
Convert -130 (base 4) to base 11.
-26
What is -121 (base 8) in base 13?
-63
100 (base 3) to base 6
13
Convert -456 (base 7) to base 11.
-1a6
What is -1310 (base 5) in base 4?
-3031
Convert -18 (base 13) to base 16.
-15
Convert -300 (base 7) to base 5.
-1042
1 (base 7) to base 16
1
Convert -4 (base 5) to base 10.
-4
-4 (base 16) to base 12
-4
Convert 0 (base 12) to base 4.
0
What is 33 (base 6) in base 2?
10101
21 (base 5) to base 7
14
Convert 3 (base 14) to base 11.
3
-7 (base 16) to base 3
-21
Convert e (base 15) to base 14.
10
102121 (base 3) to base 11
265
170 (base 11) to base 14
102
What is 5 (base 7) in base 10?
5
Convert 14 (base 7) to base 10.
11
Convert -112 (base 8) to base 14.
-54
17 (base 14) to base 8
25
Convert 16 (base 12) to base 15.
13
Convert -7 (base 8) to base 13.
-7
348 (base 9) to base 5
2122
Convert 2 (base 13) to base 11.
2
Convert 55 (base 11) to base 4.
330
What is 1 (base 7) in base 16?
1
What is -11101100 (base 2) in base 16?
-ec
-3 (base 13) to base 6
-3
-13 (base 14) to base 11
-16
What is 223 (base 9) in base 6?
503
-12 (base 14) to base 9
-17
-2 (base 11) to base 14
-2
-10 (base 16) to base 14
-12
What is -2 (base 7) in base 12?
-2
Convert 3 (base 4) to base 16.
3
-107 (base 10) to base 11
-98
Convert b9 (base 13) to base 11.
129
Convert -34 (base 9) to base 10.
-31
100101000 (base 2) to base 6
1212
Convert -44 (base 11) to base 5.
-143
What is -2 (base 16) in base 9?
-2
Convert -10 (base 3) to base 7.
-3
What is -12 (base 14) in base 7?
-22
Convert -1 (base 15) to base 3.
-1
-3 (base 6) to base 3
-10
Convert -2 (base 6) to base 3.
-2
What is 51 (base 6) in base 4?
133
What is -22 (base 4) in base 12?
-a
4 (base 14) to base 16
4
What is 253 (base 7) in base 13?
a6
What is -19 (base 15) in base 16?
-18
-2 (base 12) to base 15
-2
What is 21 (base 3) in base 14?
7
Convert 0 (base 8) to base 10.
0
-5 (base 6) to base 7
-5
Convert 4 (base 12) to base 5.
4
Convert 12 (base 11) to base 16.
d
Convert 0 (base 14) to base 15.
0
13 (base 5) to base 4
20
What is 2b (base 14) in base 15?
29
What is -1001000 (base 2) in base 6?
-200
What is -1012 (base 3) in base 16?
-20
214 (base 7) to base 13
85
What is -211 (base 8) in base 9?
-162
What is -20 (base 10) in base 5?
-40
Convert -10 (base 11) to base 2.
-1011
-11131 (base 4) to base 5
-2344
What is 35 (base 6) in base 4?
113
-32 (base 15) to base 8
-57
-11 (base 16) to base 3
-122
-d8 (base 14) to base 5
-1230
33 (base 7) to base 4
120
5 (base 15) to base 9
5
-1d (base 15) to base 9
-31
-41 (base 9) to base 13
-2b
What is -1 (base 11) in base 12?
-1
Convert -5 (base 16) to base 10.
-5
Convert 17 (base 10) to base 13.
14
What is 5 (base 16) in base 2?
101
0 (base 5) to base 3
0
12 (base 7) to base 16
9
What is 11 (base 16) in base 11?
16
What is 12 (base 14) in base 12?
14
3 (base 15) to base 5
3
-25 (base 7) to base 5
-34
6 (base 12) to base 4
12
What is -30 (base 6) in base 12?
-16
Convert -8 (base 13) to base 11.
-8
Convert 0 (base 14) to base 4.
0
What is -9 (base 10) in base 4?
-21
Convert 367 (base 8) to base 11.
205
Convert -110 (base 3) to base 15.
-c
What is -48 (base 9) in base 3?
-1122
Convert -a7 (base 15) to base 11.
-133
What is 316 (base 8) in base 5?
1311
What is -24 (base 16) in base 4?
-210
What is 1 (base 2) in base 11?
1
e9 (base 16) to base 10
233
What is 10 (base 3) in base 6?
3
Convert 102 (base 7) to base 11.
47
21b (base 12) to base 4
10313
What is 96 (base 15) in base 7?
261
-61 (base 11) to base 5
-232
-a (base 13) to base 7
-13
Convert 6 (base 12) to base 8.
6
Convert 21 (base 5) to base 2.
1011
What is -1 (base 6) in base 8?
-1
1 (base 15) to base 7
1
What is 0 (base 7) in base 8?
0
-34 (base 6) to base 15
-17
20 (base 10) to base 11
19
-260 (base 8) to base 15
-bb
What is -1111 (base 5) in base 10?
-156
What is -22 (base 3) in base 13?
-8
11 (base 9) to base 6
14
What is 0 (base 3) in base 11?
0
Convert -35 (base 7) to base 9.
-28
Convert -12 (base 4) to base 15.
-6
What is 16 (base 10) in base 12?
14
Convert 2c (base 15) to base 14.
30
Convert 6 (base 14) to base 15.
6
Convert 100 (base 3) to base 2.
1001
Convert -b6 (base 14) to base 8.
-240
-1 (base 15) to base 5
-1
Convert -11 (base 3) to base 4.
-10
What is -211 (base 5) in base 7?
-110
What is 23 (base 5) in base 10?
13
What is -2 (base 16) in base 6?
-2
-5 (base 10) to base 13
-5
What is 1001 (base 2) in base 9?
10
1d (base 15) to base 14
20
36 (base 14) to base 5
143
Convert 0 (base 12) to base 11.
0
1 (base 15) to base 5
1
-14 (base 10) to base 9
-15
What is -3 (base 7) in base 16?
-3
What is 1000011 (base 2) in base 12?
57
Convert 0 (base 3) to base 4.
0
What is 76 (base 12) in base 7?
156
Convert -154 (base 7) to base 8.
-130
0 (base 10) to base 13
0
Convert -2 (base 9) to base 5.
-2
Convert -27 (base 10) to base 3.
-1000
4 (base 12) to base 2
100
20022 (base 3) to base 7
332
Convert 22 (base 4) to base 13.
a
What is 3 (base 16) in base 6?
3
-12 (base 4) to base 9
-6
-7 (base 9) to base 7
-10
111 (base 15) to base 14
133
-41 (base 14) to base 4
-321
-32 (base 6) to base 10
-20
Convert b (base 13) to base 7.
14
What is 1100 (base 2) in base 16?
c
Convert 13 (base 4) to base 15.
7
Convert 66 (base 7) to base 8.
60
-21 (base 5) to base 7
-14
W